{"id":786,"date":"2018-12-19T11:55:16","date_gmt":"2018-12-19T09:55:16","guid":{"rendered":"http:\/\/www.pommerbachschule.de\/?page_id=786"},"modified":"2018-12-19T12:38:38","modified_gmt":"2018-12-19T10:38:38","slug":"foerder-und-beratungszentrum","status":"publish","type":"page","link":"http:\/\/www.pommerbachschule.de\/?page_id=786","title":{"rendered":"FBZ im COC"},"content":{"rendered":"<div class=\"cm-templates-container\">\n<div class=\"page_wrapper\">\n<div class=\"main_wrapper\">\n<div class=\"content_main_dho cm-container-large cm-container-xlarge\" data-cm-hintable=\"yes\">\n<h1><span style=\"text-align: justify; color: #444444; font-family: 'Open Sans', arial; font-size: 14px;\"><strong>F\u00f6rder- und Beratungszentrum (FBZ) des Landkreises Cochem-Zell<\/strong><\/span><\/h1>\n<\/div>\n<div class=\"cm-templates-container\">\n<div class=\"page_wrapper\">\n<p class=\"main_wrapper\">Das FBZ Cochem-Zell hat den Auftrag, <strong>Inklusion<\/strong> im Zust\u00e4ndigkeitsbereich des F\u00f6rder- und Beratungszentrums <strong>weiterzuentwickeln<\/strong> und durch pr\u00e4ventive Ma\u00dfnahmen in enger <strong>Zusammenarbeit mit den Regelschulen<\/strong> in ihrem jeweiligen Einzugsbereich den <strong>sonderp\u00e4dagogischen F\u00f6rderbedarf<\/strong> von Sch\u00fclerinnen und Sch\u00fclern m\u00f6glichst zu <strong>reduzieren<\/strong> bzw. zu vermeiden.<\/p>\n<p>Im FBZ kooperieren die F\u00f6rderschule Kaisersesch\/Blankenrath (F\u00f6rderschwerpunkt Lernen) mit der Astrid-Lindgren-Schule Dohr und dem Bildungs- und Pflegeheim &#8222;St. Martin&#8220; (F\u00f6rderschulen mit den Schwerpunkten ganzheitliche und motorische Entwicklung).<\/p>\n<p>http:\/\/www.fbz-coc.de\/<\/p>\n<\/div>\n<\/div>\n<div class=\"sidebar_wrapper cm_can_be_empty\"><\/div>\n<\/div>\n<\/div>\n<\/div>\n","protected":false},"excerpt":{"rendered":"<p>F\u00f6rder- und Beratungszentrum (FBZ) des Landkreises Cochem-Zell Das FBZ Cochem-Zell hat den Auftrag, Inklusion im Zust\u00e4ndigkeitsbereich des F\u00f6rder- und Beratungszentrums weiterzuentwickeln und durch pr\u00e4ventive Ma\u00dfnahmen in enger Zusammenarbeit mit den Regelschulen in ihrem jeweiligen Einzugsbereich den sonderp\u00e4dagogischen F\u00f6rderbedarf von Sch\u00fclerinnen &hellip;<\/p>\n<div class=\"read_more\"><a href=\"http:\/\/www.pommerbachschule.de\/?page_id=786\">read more<\/a><\/div>\n","protected":false},"author":2,"featured_media":0,"parent":0,"menu_order":4,"comment_status":"closed","ping_status":"closed","template":"","meta":[],"_links":{"self":[{"href":"http:\/\/www.pommerbachschule.de\/index.php?rest_route=\/wp\/v2\/pages\/786"}],"collection":[{"href":"http:\/\/www.pommerbachschule.de\/index.php?rest_route=\/wp\/v2\/pages"}],"about":[{"href":"http:\/\/www.pommerbachschule.de\/index.php?rest_route=\/wp\/v2\/types\/page"}],"author":[{"embeddable":true,"href":"http:\/\/www.pommerbachschule.de\/index.php?rest_route=\/wp\/v2\/users\/2"}],"replies":[{"embeddable":true,"href":"http:\/\/www.pommerbachschule.de\/index.php?rest_route=%2Fwp%2Fv2%2Fcomments&post=786"}],"version-history":[{"count":15,"href":"http:\/\/www.pommerbachschule.de\/index.php?rest_route=\/wp\/v2\/pages\/786\/revisions"}],"predecessor-version":[{"id":801,"href":"http:\/\/www.pommerbachschule.de\/index.php?rest_route=\/wp\/v2\/pages\/786\/revisions\/801"}],"wp:attachment":[{"href":"http:\/\/www.pommerbachschule.de\/index.php?rest_route=%2Fwp%2Fv2%2Fmedia&parent=786"}],"curies":[{"name":"wp","href":"https:\/\/api.w.org\/{rel}","templated":true}]}}

<div class="cm-templates-container">
<div class="page_wrapper">
<div class="main_wrapper">
<div class="content_main_dho cm-container-large cm-container-xlarge" data-cm-hintable="yes">
<h1><span style="text-align: justify; color: #444444; font-family: 'Open Sans', arial; font-size: 14px;"><strong>Förder- und Beratungszentrum (FBZ) des Landkreises Cochem-Zell</strong></span></h1>
</div>
<div class="cm-templates-container">
<div class="page_wrapper">
<p class="main_wrapper">Das FBZ Cochem-Zell hat den Auftrag, <strong>Inklusion</strong> im Zuständigkeitsbereich des Förder- und Beratungszentrums <strong>weiterzuentwickeln</strong> und durch präventive Maßnahmen in enger <strong>Zusammenarbeit mit den Regelschulen</strong> in ihrem jeweiligen Einzugsbereich den <strong>sonderpädagogischen Förderbedarf</strong> von Schülerinnen und Schülern möglichst zu <strong>reduzieren</strong> bzw. zu vermeiden.</p>
<p>Im FBZ kooperieren die Förderschule Kaisersesch/Blankenrath (Förderschwerpunkt Lernen) mit der Astrid-Lindgren-Schule Dohr und dem Bildungs- und Pflegeheim &#8222;St. Martin&#8220; (Förderschulen mit den Schwerpunkten ganzheitliche und motorische Entwicklung).</p>
<p>http://www.fbz-coc.de/</p>
</div>
</div>
<div class="sidebar_wrapper cm_can_be_empty"></div>
</div>
</div>
</div>

<p>Förder- und Beratungszentrum (FBZ) des Landkreises Cochem-Zell Das FBZ Cochem-Zell hat den Auftrag, Inklusion im Zuständigkeitsbereich des Förder- und Beratungszentrums weiterzuentwickeln und durch präventive Maßnahmen in enger Zusammenarbeit mit den Regelschulen in ihrem jeweiligen Einzugsbereich den sonderpädagogischen Förderbedarf von Schülerinnen &hellip;</p>
<div class="read_more"><a href="http://www.pommerbachschule.de/?page_id=786">read more</a></div>
